.
11
What is the value of -109 + 124 + -15 + -1?
-1
What is the value of -1 + (2 - 0 - (16 + -2))?
-13
12 + (3 - (1 - 4) - 5) + -7
6
Calculate 1208 + -1231 + -7 + -1.
-31
Evaluate 20 + -10 + (-7 - -11 - 15).
-1
Calculate 5 - (-1 + 1) - (-8 + -4 + 16).
1
What is the value of -13 - 15 - -29 - (-2 - (-28 + 1))?
-24
What is -1 - 19 - (-17 + -10 + 22)?
-15
What is (-1 - 9) + 34 + 28 + -67?
-15
What is the value of (-1 - 3) + 14 + -18 + 9 - 33?
-32
Evaluate 18 - (8 - 25 - -26).
9
Evaluate 4 - (-8 - -8 - (10 - 6) - 3).
11
Evaluate -6 + 4 - (-62 + 85).
-25
21 + 1 - (2 - (-6 + 3))
17
-15 + -21 + (49 - 15)
-2
Evaluate 1 + (0 - 0 - 2) + -1274 + 1277.
2
(-17 - -29) + 3 + 1
16
14 + 40 + -5 + -19
30
Evaluate -3 - ((0 + -12 - 14) + 6).
17
Evaluate 0 + 6 - (1 + 6).
-1
What is the value of -32 - -6 - (-1 - 45)?
20
Calculate (-412 - -410) + 1 + -14.
-15
Calculate 13 - (35 + -8 - 13).
-1
(-13 - -2) + (-8 + -9 - -6)
-22
-1 - (1 - (-23 + 38))
13
Calculate 1 + (-1 - -4) - (-5 - -4 - 9).
14
What is -8 + -15 + 24 + 10 + (0 - 0)?
11
0 + 0 - (1 + (5 - (-4 + 6)))
-4
(-51 - -59) + (-5 - 1)
2
What is (21 - 7) + -2 + -2?
10
Evaluate 34 + -35 + 18 + 0.
17
Calculate 1295 - 1312 - (-1 - -6).
-22
Evaluate (-1 - 4 - -7) + (-5 - (-3 - -5)).
-5
Evaluate 4 + 1 - ((-6 - -3) + 11) - 1.
-4
Calculate -17 - 1 - ((-1 - -22) + -33).
-6
Evaluate 13 - (3 + (12 - 8) - 7).
13
What is the value of -2 + 10 + (0 - 5 - -4)?
7
Calculate 36 + (0 - (16 + 3)).
17
(-2 - 1 - (7 - 12)) + -10 + -4
-12
What is the value of 7 + (-1 + (2 - -12) - 12)?
8
10 + -4 + (-5 - -1 - (-13 + 8))
7
5 - (-3 + (-30 + 29 - (1 + -8)))
2
What is the value of -19 + 6 + -12 + -14 + 35?
-4
Evaluate -13 - (14 - 12) - -4.
-11
-5 - ((-10 - -18 - 10) + -6)
3
Calculate (6 - 2 - 3) + (-15 - (7 - 18)).
-3
Calculate -14 + (22 - (11 + -19)).
16
What is the value of -4 + 1 + (8 - 3) - (3 + -20)?
19
Calculate 17 + (14 - ((-9 + 1 - -11) + 4)).
24
What is the value of -6 - 6 - -2 - -10?
0
What is (1 + -6 - (-24 - -5)) + 9?
23
Calculate -6 + (-5 - -14) - 16.
-13
Calculate 2 + 8 - (-13 - (-29 + 20)).
14
Evaluate 6 + -2 - (11 + 6 + -25 + 8).
4
What is the value of 15 + -5 + -4 - (-14 - -15)?
5
What is the value of 25 + 1 + (-14 - (4 + -16 + 5))?
19
0 - -12 - (-26 + 9 - -23)
6
Calculate -21 + -1 - (-297 + 273).
2
What is the value of (-2 + -8 - (-41 - -7)) + -9?
15
What is 3 - (0 - (0 - (-2 + 2 + -4)))?
7
Calculate (5 - 33) + -4 + 23.
-9
-6 + (-18 - (-52 - -11))
17
Calculate (13 + -17 - -12) + 12 + -1.
19
What is the value of 1 + -7 - (28 + -35) - 2?
-1
Evaluate 16 + -1 + -17 + 14.
12
What is the value of -7 + (-9 - (-28 - -8))?
4
(-6 - (-5 + 8)) + 6 + -20
-23
Evaluate 21 - 10 - (-6 + 11).
6
Evaluate (-4 - -1) + 5 - (70 - 57).
-11
What is the value of 6 + (-9 - (4 - 10 - 2))?
5
Calculate (55 - 48) + (-17 - ((2 - 0) + -5)).
-7
Calculate 3 + 11 + -62 + 30 + 40.
22
Evaluate (1 + 0 + 17 - 6) + 1.
13
What is -1 + 11 + (-36 + 28 - -15)?
17
Evaluate -15 + 12 + (15 - 31).
-19
What is 777 + -766 + (2 - 0) + -2 + 2?
13
What is 2 - -1 - (14 + (-30 - -11))?
8
-2 + -5 + (-4 - (-18 - -7)) + 6
6
2 + 15 + -23 - (2 - 0 - -10)
-18
Evaluate -1 + (21 + -3 - 13).
4
What is the value of 204 + -204 + -3 + -25?
-28
5 - (7 + -14 - 5)
17
What is -19 + 11 + 1 + 4?
-3
Calculate -4 + 1 + (1 - (-5 - -9)) + 25.
19
Evaluate -1 + 3 - -5 - (-3 + 5 + 15).
-10
What is the value of -3 + 2 + (0 + 4 - 0) - -10?
13
Evaluate -11 + 6 - (-1 - -9).
-13
(11 - (-14 - -34)) + -5 + -1 + 1
-14
-229 + 218 + (-1 - -2) + 15
5
Evaluate -4 - 10 - (-8 + (34 - 18)).
-22
-70 - -70 - (-8 - 4)
12
1 + -9 - (-10 - (-11 - -8))
-1
Evaluate -17 - (1 - (7 + -23)).
-34
Calculate 523 + -519 + (1 - -11).
16
What is the value of -28 + -18 + 14 + 27?
-5
Evaluate -7 - -22 - (10 + 0).
5
(48 + -36 - (2 - -11)) + (-15 - -5)
-11
Evaluate 10 + (-6 - (-9 - -7 - -2)) + 8.
12
What is the value of (-1894 - -1898) + 17 + -3 + -1 + 3?
20
What is the value of -37 + (49 - 35) - -33?
10
What is the value of 6 - (37 + -11 - 41)?
21
Evaluate 19 + -11 - 16 - (-5 - 14).
11
Calculate 1 - (-1 - 10) - 6 - -7.
13
Calculate -9 - (1 + (-13 - (4 + -8))).
-1
Calculate 13 - ((-5 - -23) + 42 + -47).
0
6 - ((32 - 9) + -7 + 9)
-19
Evaluate 7 - (-13 + 17 - (3 + -4)).
2
Evaluate 20 + (14 - 12) - 7.
15
What is -7 + 6 - (7 + -18) - 28?
-18
What is -34 + (19 - 0) + (-9 - (-6 + 2))?
-20
Evaluate -3 + 10 + 0 + -7 + 6.
6
Calculate 2 + 33 + -39 - (-2 - 10).
8
What is the value of (-2 + 26 - (3 + -1)) + -58 + 51?
15
9 + 7 - 21 - (-1 - 24)
20
What is the value of 0 + 27 + 1 - (-54 - (-119 + 62))?
25
What is -3 - (-55 + -10 + 33)?
29
(23 - 32) + -17 + 34
8
Evaluate (1 - 9) + 10 + 16 + -22.
-4
(-22 - -9) + 14 - 8
-7
What is the value of -14 - (-20 + 1) - 3?
2
-21 - 13 - -64 - 4
26
What is the value of (1 - (-16 + -14 + 13)) + -2?
16
What is (-18 - -7) + -4 + -5?
-20
Evaluate (-5 - 27) + (23 - 13).
-22
(2 - 14) + (-1 - -5) + 10 - 24
-22
What is (-26 - -35) + (2 - (4 - 1))?
8
0 + (-4 + -7 - -10) + 3 + 0
2
-12 + 5 + 5 - -17
15
-4 - (-26 + 21 - (1 - 2))
0
What is 239 + -237 + -1 + 7?
8
What is -14 - 11 - 2 - -23?
-4
Calculate (7 - 6) + 2 + 1 - (-1 + -1).
6
What is the value of 28 - (28 - (-29 - -8))?
-21
Evaluate 3 + (-7 - -6) + 5 + -8 + -3.
-4
What is -11 + (-13 - -1) - -9?
-14
Evaluate -2 + 1 + 0 - ((36 - 87) + 47).
3
Calculate -31 + (20 - 5) + 2.
-14
Evaluate -3 + 10 + -2 + -5 - -10.
10
Calculate (2 + 8 - 10) + (-23 - 3).
-26
What is -15 + (8 - (-15 + 8))?
0
-4 + 1 - ((-26 - -11 - -34) + -13)
-9
What is (-8 - -11) + -18 + 19?
4
Calculate -2 - (-2 + -7) - (-1 + (4 - 1)).
5
(0 + -10 - (3 + -14)) + 11
12
What is -5 - (9 - 17) - -3 - (5 + 1)?
0
Evaluate 0 - ((-8 - -8) + -16).
16
What is 5 - (-33 - -33) - (-18 + -1)?
24
Evaluate -31 - -13 - (-31 + 27).
-14
Calculate 15 + -2 + (13 + (17 - 12) - 12).
19
Evaluate -20 + (-10 - (-20 - (-18 + 10))).
-18
What is 38 + -37 - (4 - (-10 + 2))?
-11
Calculate 2 - -2 - (-5 + 2 + 3).
4
Evaluate -1289 + 1244 + (24 - 1).
-22
38 + -57 + -3 + 15
-7
What is the value of 17 - ((20 - 16) + 22)?
-9
Evaluate (38 - 18) + (-3 + -3 + 5 - 7).
12
Evaluate (-1 - (1 - 6)) + (-21 - (27 + -55)).
11
Evaluate -23 - (-9 - (-21 + 26)).
-9
(4 - -1) + (-49 - -40) - (0 + 3)
-7
7 + -32 + 16 + (-2 - (0 - -2))
-13
What is the value of 3 - ((-13 + -3 - -12) + -13)?
20
Calculate -60 - (-20 - 5) - -10.
-25
What is the value of (-10 - (2 - 16)) + -8?
-4
What is -8 - 13 - 0 - -23?
2
Calculate -4 + 25 + -8 + -17.
-4
-15 - -8 - -13 - -18
24
Calculate 12 + (8 - (7 - -5)) - 10.
-2
What is the value of (26 - 0) + 154 + -154?
26
Calculate 5 + -7 - 31 - (6 - (-13 + 28)).
-24
What is 10 + (-19 - 2 - -2)?
-9
16 - (3 + 8) - (3 + 0)
2
Evaluate (11 - 31) + 3 + 8 + -8.
-17
What is 246 - 261 - (0 + 1 + -8)?
-8
What is (1 - (-16 + -2)) + -15?
4
-7 - (-8 - (-4 - -8) - -8)
-3
What is -10 + 14 + -6 + -30 - 0?
-32
What is 7 + (-7 - -10) - 6 - 22?
-18
14 + 0 + -8 + -5 + 4 + 3
8
What is 6 + 15 + -6 + -7 - 6?
2
What is (-6 - -6) + (12 - 8)?
4
What is the value of (-7 - 41 - -19) + (0 - -11) + -4?
-22
What is 32 - (39 + 21 + -47)?
19
Calculate -9 + -58 + 39 + -3.
-31
What is the value of 48 - (34 + -11) - 23?
2
What is -5 + -1 - (55 - (72 + -28))?
-17
Evaluate 16 + -1 + (18 - 37).
-4
3 + (-9 - (-6 - 1)) + 2
3
Evaluate (22 - 0) + (-554 - -550).
18
Evaluate -7 + (-5 - -2) - -3 - (33 + -28).
-12
What is the value of -2 + (-50 + 24 + 27 - (0 - 1))?
0
(-1 - -3 - (10 + -2)) + -1 + 15
8
9 - ((45 - 15) + -6)
-15
Calculate 1 - 1 - -4 - (-9 + 3 - -25).
-15
What is (-4 - -21) + -4 + (-10 - -12) + 1?
16
What is 8 - 14 - -10 - (2 + -2) - 22?
-18
Evaluate (0 + 5 - 7 - (-2 + -2)) + -9.
-7
What is 1 - 3 - (37 - (-11 - (-11 + -16)))?
-23
What is the value of 0 - 0 - (9 + (0 - (7 - 1)))?
-3
288 - 291 - (0 + -31 - 2)
30
(-41 - -48) + -23 + 2 + 7
-7
What is 23 + 1 + (765 - 790)?
-1
What is the value of -3 + (-20 - (-2 - -5)) + (-161 - -168)?
-19
Calculate -156 - -172 - ((3 - 2) + 1).
14
Calculate -5 - (-11 + 2) - (-17 + 6).
15
1 + 3 + -8 + 37 + -1
32
What is -8 + (-6 - -8 - 3) - -1?
-8
-5 + (1 + -22 - (14 - 24))
-16
(-12 - 0) + (60 - 37) + -6 + -8
-3
Evaluate -4 + (22 - -6) + (-34 - -29).
19
What is (3 + 4 - 14 - (-1 - 4)) + 0?
-2
Evaluate 15 - 10 - 15 - -7.
-3
Evaluate -23 - (3 + 4 + -10 - -3).
-23
What is the value of (-1 - 0) + -4 - (22 - (15 - -11))?
-1
24 + -11 - 34 - -33
12
Evaluate 14 + 